{"id":2,"date":"2025-02-19T01:18:06","date_gmt":"2025-02-19T01:18:06","guid":{"rendered":"https:\/\/ascjcapstone.com\/spring-2025\/josephdo\/?page_id=2"},"modified":"2025-05-13T01:42:52","modified_gmt":"2025-05-13T01:42:52","slug":"sample-page","status":"publish","type":"page","link":"https:\/\/ascjcapstone.com\/spring-2025\/josephdo\/","title":{"rendered":"Dodgers Nation: Building a Winning and Diverse Culture"},"content":{"rendered":"\n<figure class=\"wp-block-image size-large\"><img loading=\"lazy\" decoding=\"async\" width=\"1024\" height=\"624\" src=\"https:\/\/ascjcapstone.com\/spring-2025\/josephdo\/wp-content\/uploads\/2025\/05\/IMG_9994-1024x624.jpeg\" alt=\"\" class=\"wp-image-23\" srcset=\"https:\/\/ascjcapstone.com\/spring-2025\/josephdo\/wp-content\/uploads\/2025\/05\/IMG_9994-1024x624.jpeg 1024w, https:\/\/ascjcapstone.com\/spring-2025\/josephdo\/wp-content\/uploads\/2025\/05\/IMG_9994-300x183.jpeg 300w, https:\/\/ascjcapstone.com\/spring-2025\/josephdo\/wp-content\/uploads\/2025\/05\/IMG_9994-768x468.jpeg 768w, https:\/\/ascjcapstone.com\/spring-2025\/josephdo\/wp-content\/uploads\/2025\/05\/IMG_9994.jpeg 1179w\" sizes=\"auto, (max-width: 1024px) 100vw, 1024px\" \/><figcaption class=\"wp-element-caption\"><strong>Jackie Robinson Statue at Dodgers Stadium (Credit: Joseph Domingot)<\/strong><\/figcaption><\/figure>\n\n\n\n<p>The day is April 15, 1947. A man by the name of Jack Roosevelt Robinson made his MLB debut for the then Brooklyn Dodgers against the Boston Braves &#8211; now the Atlanta Braves. Although he scored a run in his introduction to the major leagues, that wasn\u2019t the greatest accomplishment Robinson achieved that night. <\/p>\n\n\n\n<p>He broke a barrier unlike any other.<\/p>\n\n\n\n<p>He broke the color barrier, becoming the first African American to suit up for an MLB franchise. Despite the intense racism and backlash, Dodger president Branch Rickey signed Robinson originally on a minor league contract in 1945 with the goal of ultimately advancing civil rights.<\/p>\n\n\n\n<p>&#8220;Rickey played the biggest role because he took a lot of pushback from other executives,&#8221; said USC sports media professor Jeff Fellenzer. &#8220;Ultimately, Rickey and Robinson were competitors that were willing to take risks. Once that breakthrough was made, the Dodgers took a lot of pride in breaking that barrier. Not just in baseball, but in other major sports in America like the NFL.&#8221;<\/p>\n\n\n\n<p>Robinson\u2019s years in Brooklyn led to a lot of silverware: He was the 1947 Rookie of the Year, the National League MVP in 1949, and a six-time All-Star. In the twilight of his playing career, he also led the Dodgers to its first World Series championship in 1955.<\/p>\n\n\n\n<p>The Dodgers, now based in the heart of Los Angeles, have not only fostered a winning culture in the core of the organization as they have won eight World Series championships; they have also continued to foster a culture of continuous diversity within their organization and the players that suit up for the Blue Crew.&nbsp;<\/p>\n\n\n\n<p>\u201cThe Dodgers have done an amazing job of incorporating diversity into their organization,\u201d said current FOX Sports journalist Rob Parker. \u201cThe team has totally embraced it. Not just by talking the talk but also walking the walk.\u201d&nbsp;<\/p>\n\n\n\n<p>Parker has covered and reported on the MLB for around 40 years, and he has seen the growth in diversity of the organization. In 2021, Parker founded <a href=\"http:\/\/mlbbro.com\">mlbbro.com<\/a>, a place that highlights the accomplishments of Black and brown Major Leaguers. With many coming through the ranks of the Dodgers organization, Parker partners with the MLB on spotlighting the great Black and brown ball players from both past and present.<\/p>\n\n\n\n<figure class=\"wp-block-embed is-type-video is-provider-youtube wp-block-embed-youtube wp-embed-aspect-16-9 wp-has-aspect-ratio\"><div class=\"wp-block-embed__wrapper\">\n<iframe loading=\"lazy\" title=\"History Shows Us That Mookie Betts Will Scorch Pitchers In May\" width=\"500\" height=\"281\" src=\"https:\/\/www.youtube.com\/embed\/INEW-9-zGuc?feature=oembed\" frameborder=\"0\" allow=\"accelerometer; autoplay; clipboard-write; encrypted-media; gyroscope; picture-in-picture; web-share\" referrerpolicy=\"strict-origin-when-cross-origin\" allowfullscreen><\/iframe>\n<\/div><figcaption class=\"wp-element-caption\"><strong>MLBBro.com coverage of Mookie Betts (Credit: Rob Parker and Gary Sheffield Jr.)<\/strong><\/figcaption><\/figure>\n\n\n\n<p>\u201cFrom a fan\u2019s perspective, it is important to see yourself represented, especially on a team like the Dodgers,\u201d Parker said. \u201cYou want to see someone who looks like you out on the diamond; it\u2019s just natural.\u201d<\/p>\n\n\n\n<p>In his illustrious journalism career, Parker has witnessed four World Series championships won by the Blue Crew. Despite all of the victories, Parker also witnessed the infamous Al Campanis interview in 1987 live on national television.<\/p>\n\n\n\n<p>Campanis was the general manager of the Dodgers from 1968 to 1987. He was previously a teammate of Robinson during a spell in 1946 with the Montreal Royals, a Dodgers\u2019 minor league affiliate team in the organization. Campanis featured on <em>ABC News\u2019 Nightline <\/em>with renowned journalist Ted Koppel, where he made racially insensitive comments about the lack of black managers and team managers at the time.<\/p>\n\n\n\n<p>\u201cKoppel kept trying to save him from making those comments,\u201d Parker said. \u201cWhen somebody in the organization shares some anti-Dodger views publicly like that, he just does not fit as someone to represent the organization.\u201d<\/p>\n\n\n\n<p>In spite of the interview, Parker believes the Dodgers have done more than enough to prove it was an isolated incident.<\/p>\n\n\n\n<p>\u201cIt is just an unfortunate and horrible situation,\u201d Parker said. \u201cWhen I look at all of the organizations, the Dodgers are the last one in my eyes that I think wouldn\u2019t have diversity or inclusion incorporated into its system.\u201d<\/p>\n\n\n\n<p>Parker is far from the only person who believes the Dodgers have made leaps and bounds to break barriers and embrace diversity.<\/p>\n\n\n\n<figure class=\"wp-block-embed is-type-video is-provider-youtube wp-block-embed-youtube wp-embed-aspect-16-9 wp-has-aspect-ratio\"><div class=\"wp-block-embed__wrapper\">\n<iframe loading=\"lazy\" title=\"Joel Robles Interview\" width=\"500\" height=\"281\" src=\"https:\/\/www.youtube.com\/embed\/A0tfJEVOVhQ?feature=oembed\" frameborder=\"0\" allow=\"accelerometer; autoplay; clipboard-write; encrypted-media; gyroscope; picture-in-picture; web-share\" referrerpolicy=\"strict-origin-when-cross-origin\" allowfullscreen><\/iframe>\n<\/div><figcaption class=\"wp-element-caption\"><strong>Interview with Dodger fan Joel Robles (Interviews\/Photos\/Videos Credit: Joseph Domingot)<\/strong><\/figcaption><\/figure>\n\n\n\n<p>\u201cI think the Dodgers have tried their best to diversify in general,\u201d said USC student and Dodger fan Joel Robles. \u201cThe Dodgers do their best to incorporate everyone.\u201d<\/p>\n\n\n\n<p>Robles is a native Angeleno of Mexican descent. There\u2019s no way he could be a fan of any other team that\u2019s not wearing Dodger blue 162 times per season.<\/p>\n\n\n\n<p>\u201cI think they are the most diverse club out there in American sports,\u201d Robles said. \u201cFernando Valenzuela is one of the great Mexican-born ball players. I can say for a lot of Dodger fans like myself that we respect him a lot because of his background, not just from \u2018Fernandomania\u2019\u201d.&nbsp;<\/p>\n\n\n\n<p>Valenzuela began playing in the major leagues in 1981 after spending two years in the Dodgers organization as a prospect pitcher. \u2018Fernandomania\u2019 began as a craze from a mass group of Hispanic and Latino baseball fans in the City of Angels after showing out in his rookie season with the ball club in 1981. That season, he helped the Dodgers clinch the World Series &#8211; also against the Yankees.<\/p>\n\n\n\n<p>However, prior to Valenzuela\u2019s time in Los Angeles &#8211; much of the Hispanic and Latino fan base in the City of Angels did not see eye to eye with the organization.&nbsp;<\/p>\n\n\n\n<p>As the Dodgers relocated from Brooklyn to Los Angeles in 1958, the team played its first few seasons at the Los Angeles Memorial Coliseum before settling into its homeland of Dodger Stadium in Elysian Park in 1962.<\/p>\n\n\n\n<p>Before construction of Dodger Stadium, thousands of people resided in the grander Chavez Ravine canyon where the land was designated and bought out by the City of Los Angeles. At the time, a majority of residents were of Mexican descent. Despite a near decade-long battle with government officials, these residents were forcibly removed from the place they once called home.<\/p>\n\n\n\n<p>\u201cIt wasn\u2019t until \u2018Fernandomania\u2019 that you couldn\u2019t go around Los Angeles and meet a Hispanic or Latino who is not a fan of the Dodgers,\u201d said Dodgers fanatic David Herrera. \u201cNow the team has more players that are adding more gas to that fire when it comes to having the organization grow over many other cultures.\u201d<\/p>\n\n\n\n<p>The Blew Crew have continued to find talent internationally and from various diverse backgrounds. On the team\u2019s current 40-man roster, nine players were born outside of the United States. The team\u2019s projected starting lineup for opening day for the 2025 season includes three foreign born players: Dominican outfielder Teoscar Hernandez, South Korean infielder Hyeseong Kim and Japanese two-way superstar Shohei Ohtani.<\/p>\n\n\n\n<p>Ohtani arrived to the Dodgers after spending six seasons on the roster of the team\u2019s crosstown rival &#8211; the Los Angeles Angels. During his time in Anaheim, Ohtani became the first player in league history to win unanimous MVP awards on multiple occasions. He also became the first player from Japan to lead the MLB in home runs in a single season with 44 in 2023.<\/p>\n\n\n\n<p>Off the field, Ohtani\u2019s jersey reportedly garnered the most amount of <a href=\"https:\/\/www.mlb.com\/news\/most-popular-mlb-jerseys-for-2025\">sales<\/a> out of all major leaguers.<\/p>\n\n\n\n<p>\u201cOhtani is my favorite player,\u201d said Orange County native Bryan Takeshita, who is of Japanese descent. \u201cI stayed outside Dodger Stadium for almost three hours waiting for his bobblehead. It\u2019s great for the game of baseball as well as the representation of the Dodgers that the team has him and [Yoshinobu] Yamamoto.\u201d<\/p>\n\n\n\n<p>Because of his marvelous play with the Angels, the Dodgers broke the bank for the two-way sensation. Ohtani put pen to paper on a massive 10-year, $700 million fully guaranteed contract. At the time, it was the largest contract ever given out to any player in any of the major American leagues. It was until the New York Mets dealt a 15-year, $765 million contract to Dominican outfielder Juan Soto. It goes to show the respect and the admiration that the Dodgers as an organization have on players from diverse backgrounds.<\/p>\n\n\n\n<p>\u201cThe team\u2019s recruitment starts from the foundation,\u201d Robles said. \u201cIt starts from going international and getting prospects. I believe the team acquired another prospect from Africa. I believe the fanbase is growing because of these acquisitions from abroad.\u201d<\/p>\n\n\n\n<p>During the most recent annual international signing period in the MLB, the Dodgers scooped up 29 amateur free agents, including Japanese pitcher Roki Sasaki, who was ranked as the No. 1 international prospect during the cycle. The Blue Crew <a href=\"https:\/\/dodgersbeat.com\/dodgers-news-the-los-angeles-dodgers-announce-there-2025-international-class-of-29-players-from-seven-countries\/#:~:text=Share,After%20the%20Roki%20Sasaki%20Deal\">recruited<\/a> 12 players from Venezuela, eight from the Dominican Republic, four from Mexico, two from Colombia, and one each from Japan, Panama and South Sudan. At 17 years old, South Sudanese pitcher Joseph Deng Thon became the first player from his nation of birth to sign a contract in the major leagues.<\/p>\n\n\n\n<p>The Dodgers are setting an example in smart recruitment strategies while also recruiting some top-end talent from abroad. The Blue Crew became the first MLB franchise to open up its own academy in the Caribbean as the Blue Crew opened up Campo Las Palmas in the Dominican Republic in 1987.<\/p>\n\n\n\n<p>&#8220;The Dodgers have always been about finding players that can help contribute to the organization,&#8221; Fellenzer said. &#8220;Regardless of race or background, the team took a global view and took those steps of looking internationally when other teams just did not make that same investment.&#8221;<\/p>\n\n\n\n<p>But it is not just the players who have diversified for the Dodgers as an organization.&nbsp;<\/p>\n\n\n\n<p>The Blue Crew hired its former outfielder Dave Roberts as team manager in 2015, its first minority team manager in team history. Roberts &#8211; who is the son of a Japanese mother and an African-American father &#8211; has led the Blue Crew to two World Series championships in 2020 and 2024. After the second World Series, the Dodgers have put deserved faith into their manager, putting pen to paper on a four-year, $32.4 million contract. Roberts broke the record for highest annual salary of any team manager in MLB history.<\/p>\n\n\n\n<figure class=\"wp-block-embed is-type-video is-provider-youtube wp-block-embed-youtube wp-embed-aspect-16-9 wp-has-aspect-ratio\"><div class=\"wp-block-embed__wrapper\">\n<iframe loading=\"lazy\" title=\"Dave Roberts: Second Black Manager To Win A World Series\" width=\"500\" height=\"281\" src=\"https:\/\/www.youtube.com\/embed\/XH0nbt6tHYM?feature=oembed\" frameborder=\"0\" allow=\"accelerometer; autoplay; clipboard-write; encrypted-media; gyroscope; picture-in-picture; web-share\" referrerpolicy=\"strict-origin-when-cross-origin\" allowfullscreen><\/iframe>\n<\/div><figcaption class=\"wp-element-caption\"><strong>MLBBro.com coverage of Dave Roberts (Credit: Rob Parker)<\/strong><\/figcaption><\/figure>\n\n\n\n<p>This implementation of diversity and inclusion has also gone beyond the dugout for the Blue Crew.<\/p>\n\n\n\n<p>In 1958, the Dodgers became the first MLB team to hire foreign language radio announcers. The team hired its first full-time Spanish broadcaster, Ren\u00e9 C\u00e1rdenas from Nicaragua. One year later, the organization paired him with Ecuadorian sports broadcaster Jaime Jarr\u00edn to call their games. The Ecuadorian would end up staying in the booth in Dodger Stadium for 64 years until his recent retirement in 2022 &#8211; including being paired with Valenzuela for 12 years.<\/p>\n\n\n\n<p>The Dodgers\u2019 ownership group has also incorporated diversity. Former Los Angeles Lakers superstar Earvin \u2018Magic\u2019 Johnson became the first Black owner of the team after acquiring it as part of the Guggenheim Baseball Management Group in 2012. Former tennis stars Billie Jean King and Ilana Kloss became the first women to buy a minority share of the team in 2018, of which they still own to this day.<\/p>\n\n\n\n<figure class=\"wp-block-image size-large\"><img loading=\"lazy\" decoding=\"async\" width=\"455\" height=\"1024\" src=\"https:\/\/ascjcapstone.com\/spring-2025\/josephdo\/wp-content\/uploads\/2025\/05\/DODGERS-INFOGRAPHIC-455x1024.png\" alt=\"\" class=\"wp-image-25\" srcset=\"https:\/\/ascjcapstone.com\/spring-2025\/josephdo\/wp-content\/uploads\/2025\/05\/DODGERS-INFOGRAPHIC-455x1024.png 455w, https:\/\/ascjcapstone.com\/spring-2025\/josephdo\/wp-content\/uploads\/2025\/05\/DODGERS-INFOGRAPHIC-133x300.png 133w, https:\/\/ascjcapstone.com\/spring-2025\/josephdo\/wp-content\/uploads\/2025\/05\/DODGERS-INFOGRAPHIC-768x1728.png 768w, https:\/\/ascjcapstone.com\/spring-2025\/josephdo\/wp-content\/uploads\/2025\/05\/DODGERS-INFOGRAPHIC-683x1536.png 683w, https:\/\/ascjcapstone.com\/spring-2025\/josephdo\/wp-content\/uploads\/2025\/05\/DODGERS-INFOGRAPHIC.png 889w\" sizes=\"auto, (max-width: 455px) 100vw, 455px\" \/><figcaption class=\"wp-element-caption\"><strong>Timeline of Dodgers&#8217; Diversity Efforts (Credit: Joseph Domingot)<\/strong><\/figcaption><\/figure>\n\n\n\n<p>The Blue Crew started its own Diversity, Equity and Inclusion Committee in 2020. Its mission: to create a culture where diverse voices and experiences are valued.<\/p>\n\n\n\n<p>\u201cPlayers who wear that Dodger uniform are proud to wear the uniform because the Dodgers were and are the franchise that is not afraid to change this country and change this world,\u201d Parker said. \u201cThe Dodgers are a proud franchise, and a lot of its pride originates from breaking the color barrier.\u201d<\/p>\n\n\n\n<p>The Dodgers honored Robinson\u2019s contribution and dedication to the game of baseball by building a statue outside center field in Dodger Stadium on the 70th anniversary of his debut &#8211; one that highlights the accomplishments of an ever-lasting legacy.<\/p>\n\n\n\n<figure class=\"wp-block-image size-large\"><img loading=\"lazy\" decoding=\"async\" width=\"1024\" height=\"768\" src=\"https:\/\/ascjcapstone.com\/spring-2025\/josephdo\/wp-content\/uploads\/2025\/05\/Jackie_Statue_Pic-1024x768.jpeg\" alt=\"\" class=\"wp-image-18\" srcset=\"https:\/\/ascjcapstone.com\/spring-2025\/josephdo\/wp-content\/uploads\/2025\/05\/Jackie_Statue_Pic-1024x768.jpeg 1024w, https:\/\/ascjcapstone.com\/spring-2025\/josephdo\/wp-content\/uploads\/2025\/05\/Jackie_Statue_Pic-300x225.jpeg 300w, https:\/\/ascjcapstone.com\/spring-2025\/josephdo\/wp-content\/uploads\/2025\/05\/Jackie_Statue_Pic-768x576.jpeg 768w, https:\/\/ascjcapstone.com\/spring-2025\/josephdo\/wp-content\/uploads\/2025\/05\/Jackie_Statue_Pic-1536x1152.jpeg 1536w, https:\/\/ascjcapstone.com\/spring-2025\/josephdo\/wp-content\/uploads\/2025\/05\/Jackie_Statue_Pic-2048x1536.jpeg 2048w\" sizes=\"auto, (max-width: 1024px) 100vw, 1024px\" \/><figcaption class=\"wp-element-caption\"><strong>Image of Jackie Robinson Statue (Credit: Joseph Domingot)<\/strong><\/figcaption><\/figure>\n\n\n\n<p>\u201cIn today\u2019s game, there are players from all over the world that represent the MLB,\u201d said Dodger fan David Kenneth. \u201cIt all stems back to players like Jackie Robinson who constantly suffered from outside that eventually paved the way for this league to be as diverse as ever. This statue in front of us represents his contribution to baseball.\u201d<\/p>\n\n\n\n<p>Now every April 15, the MLB honors Robinson\u2019s legacy with every player wearing his iconic number 42. All because the Dodgers and Robinson broke barriers of diversity.<\/p>\n","protected":false},"excerpt":{"rendered":"<p>The day is April 15, 1947. A man by the name of Jack Roosevelt Robinson made his MLB debut for the then Brooklyn Dodgers against the Boston Braves &#8211; now the Atlanta Braves. Although he scored a run in his introduction to the major leagues, that wasn\u2019t the greatest accomplishment Robinson achieved that night. He [&hellip;]<\/p>\n","protected":false},"author":1,"featured_media":0,"parent":0,"menu_order":0,"comment_status":"closed","ping_status":"open","template":"","meta":{"footnotes":""},"class_list":["post-2","page","type-page","status-publish","hentry"],"_links":{"self":[{"href":"https:\/\/ascjcapstone.com\/spring-2025\/josephdo\/index.php\/wp-json\/wp\/v2\/pages\/2","targetHints":{"allow":["GET"]}}],"collection":[{"href":"https:\/\/ascjcapstone.com\/spring-2025\/josephdo\/index.php\/wp-json\/wp\/v2\/pages"}],"about":[{"href":"https:\/\/ascjcapstone.com\/spring-2025\/josephdo\/index.php\/wp-json\/wp\/v2\/types\/page"}],"author":[{"embeddable":true,"href":"https:\/\/ascjcapstone.com\/spring-2025\/josephdo\/index.php\/wp-json\/wp\/v2\/users\/1"}],"replies":[{"embeddable":true,"href":"https:\/\/ascjcapstone.com\/spring-2025\/josephdo\/index.php\/wp-json\/wp\/v2\/comments?post=2"}],"version-history":[{"count":7,"href":"https:\/\/ascjcapstone.com\/spring-2025\/josephdo\/index.php\/wp-json\/wp\/v2\/pages\/2\/revisions"}],"predecessor-version":[{"id":29,"href":"https:\/\/ascjcapstone.com\/spring-2025\/josephdo\/index.php\/wp-json\/wp\/v2\/pages\/2\/revisions\/29"}],"wp:attachment":[{"href":"https:\/\/ascjcapstone.com\/spring-2025\/josephdo\/index.php\/wp-json\/wp\/v2\/media?parent=2"}],"curies":[{"name":"wp","href":"https:\/\/api.w.org\/{rel}","templated":true}]}}